126 - -4?
133
In base 14, what is -1 + -1?
-2
In base 6, what is -1 + 531?
530
In base 10, what is -3 + -6970?
-6973
In base 10, what is -14 + 18?
4
In base 7, what is -14 + 3350?
3333
In base 12, what is 304 - -1?
305
In base 3, what is -2210102 + -11?
-2210120
In base 5, what is 4 + 124?
133
In base 5, what is 223 - 10?
213
In base 13, what is 6b - -21?
8c
In base 4, what is 2322 - 3?
2313
In base 2, what is 11011 + -10111110?
-10100011
In base 3, what is 101101 - -1?
101102
In base 12, what is -2a75 - 5?
-2a7a
In base 7, what is -4 - 105?
-112
In base 14, what is -1cb + 2?
-1c9
In base 14, what is -86d - -5?
-868
In base 16, what is 4 - -18?
1c
In base 14, what is -24 - 6?
-2a
In base 3, what is -1202 - -202?
-1000
In base 11, what is -a4 - 5?
-a9
In base 15, what is 10 - -5d?
6d
In base 8, what is -322 - -11?
-311
In base 5, what is -10 - -110222?
110212
In base 12, what is 346 - 2?
344
In base 4, what is -113132 + 0?
-113132
In base 2, what is -1000111000001 + -100?
-1000111000101
In base 4, what is -102211 - -3?
-102202
In base 5, what is -13302 - -1?
-13301
In base 11, what is -2 + 11?
a
In base 12, what is 31 + -3?
2a
In base 8, what is 1460 - -5?
1465
In base 12, what is -396 - -20?
-376
In base 12, what is -a + 134?
126
In base 3, what is -120 + 11?
-102
In base 3, what is -102 + 122000?
121121
In base 2, what is 1110010 - -1100100?
11010110
In base 3, what is 22202210 - 12?
22202121
In base 14, what is 12c + 3?
131
In base 11, what is 40 + -170?
-130
In base 13, what is 62 + 1?
63
In base 16, what is -4 - 17?
-1b
In base 14, what is -1142 + -3?
-1145
In base 6, what is 4 - 21334?
-21330
In base 10, what is 3331 + 11?
3342
In base 5, what is -444 + -12?
-1011
In base 2, what is 11 + 101010011011?
101010011110
In base 3, what is -101101021 + -11?
-101101102
In base 8, what is -4 + -1126?
-1132
In base 14, what is 422 - -3?
425
In base 14, what is 6 + -15?
-d
In base 13, what is 0 + -12?
-12
In base 9, what is -34 + 3?
-31
In base 12, what is 204 - 2?
202
In base 4, what is 2222 - 21?
2201
In base 9, what is 20 - -650?
670
In base 6, what is 0 - 135?
-135
In base 5, what is 10 - -3004?
3014
In base 16, what is -114 + 5?
-10f
In base 9, what is -2 + -833?
-835
In base 9, what is -763 - 6?
-770
In base 9, what is -64 + -1?
-65
In base 9, what is 168 - -4?
173
In base 10, what is 136 - 4?
132
In base 10, what is 2 - 254?
-252
In base 6, what is 103204 + -1?
103203
In base 2, what is -111110010010 + 100?
-111110001110
In base 5, what is 124 - 1401?
-1222
In base 7, what is 26164 + -5?
26156
In base 11, what is -5 - -436?
431
In base 13, what is -4 + 5?
1
In base 9, what is -314 - 0?
-314
In base 5, what is 122 + 2?
124
In base 4, what is 121 + 13?
200
In base 14, what is -26 - -6?
-20
In base 3, what is 10011 - -10?
10021
In base 6, what is 3113 + 0?
3113
In base 13, what is 3 - -a6?
a9
In base 11, what is 0 - 1603?
-1603
In base 9, what is -254 + -4?
-258
In base 2, what is -101 - -10011110100010?
10011110011101
In base 7, what is -12 - 62?
-104
In base 12, what is -3412 + -3?
-3415
In base 12, what is -20 + 11?
-b
In base 7, what is -3 - 55?
-61
In base 3, what is -22 - 1022201?
-1100000
In base 16, what is -187 + 1f?
-168
In base 12, what is -1 + -8a?
-8b
In base 6, what is 2 + -134?
-132
In base 15, what is -16 - -37a?
364
In base 8, what is 6 - -630?
636
In base 13, what is 4 - 1c93?
-1c8c
In base 16, what is -3e + 2?
-3c
In base 16, what is 4 - -2f?
33
In base 5, what is -1 + -142?
-143
In base 5, what is 1013 + -10?
1003
In base 13, what is 3 - -5?
8
In base 14, what is 1 + -c?
-b
In base 10, what is -397 + -7?
-404
In base 11, what is 1128 + 3?
1130
In base 15, what is 16b3 - 3?
16b0
In base 13, what is 155 - -1?
156
In base 14, what is -5d6 - 0?
-5d6
In base 16, what is -7 - -9?
2
In base 7, what is 1 - -205?
206
In base 8, what is 15 + -5?
10
In base 6, what is 2324 + -2?
2322
In base 8, what is -3234 - 21?
-3255
In base 7, what is 6 - -15?
24
In base 2, what is 101 + 0?
101
In base 15, what is 3 - -b?
e
In base 11, what is -1a8 + -11?
-209
In base 8, what is 756 + -5?
751
In base 4, what is -210220 + 1?
-210213
In base 5, what is 4 - 10421?
-10412
In base 2, what is 1 - -110111100?
110111101
In base 5, what is -12 - -331?
314
In base 15, what is -3a - 25?
-60
In base 15, what is 12 + 53?
65
In base 6, what is 102 - -15?
121
In base 4, what is 3120 - 211?
2303
In base 4, what is 0 + 3?
3
In base 11, what is 1 + -1398?
-1397
In base 8, what is 24 - 41?
-15
In base 11, what is -2858 + 1?
-2857
In base 15, what is -5 + -35?
-3a
In base 6, what is 332 - 322?
10
In base 13, what is 68a + -5?
685
In base 11, what is -185 + 14?
-171
In base 10, what is 105 - -3?
108
In base 2, what is -1000001 - 110110101?
-111110110
In base 11, what is 751 + 4?
755
In base 7, what is 2241 - 0?
2241
In base 11, what is -1 + 165?
164
In base 16, what is 31 + 11?
42
In base 9, what is -41 + 72?
31
In base 14, what is 2 - -123d?
1241
In base 10, what is -3 - -434?
431
In base 7, what is 5 - 0?
5
In base 10, what is 2500 - -5?
2505
In base 6, what is -10 - -1211?
1201
In base 13, what is 3 - -22?
25
In base 14, what is -34 + d?
-25
In base 3, what is 110102 + -12?
110020
In base 3, what is 1 - -11100?
11101
In base 9, what is 11833 + 4?
11837
In base 10, what is 1 + -691?
-690
In base 10, what is -48 + 18?
-30
In base 6, what is 235 + -235?
0
In base 16, what is 0 - 23?
-23
In base 5, what is 0 - -2113?
2113
In base 12, what is -9 - 18?
-25
In base 9, what is -6076 - -8?
-6067
In base 3, what is -200 - 111002?
-111202
In base 3, what is -111021201 - 2?
-111021210
In base 12, what is b44 - -4?
b48
In base 7, what is 3 - -635?
641
In base 6, what is -1405 + 0?
-1405
In base 4, what is 3 + -210310?
-210301
In base 15, what is 386 - 1?
385
In base 10, what is -4 - -40?
36
In base 11, what is 4 + 3a?
43
In base 6, what is 23514 - 2?
23512
In base 15, what is 49 - 73?
-29
In base 11, what is -3274 + 3?
-3271
In base 15, what is 2 - 58?
-56
In base 3, what is 2121 + -10?
2111
In base 13, what is -9 + 3?
-6
In base 14, what is 1 - -349?
34a
In base 3, what is 0 - 12111111?
-12111111
In base 16, what is -1e - 9?
-27
In base 10, what is 15 + 1381?
1396
In base 8, what is 34 - -3?
37
In base 16, what is 11 + 40?
51
In base 7, what is 11 + 3?
14
In base 14, what is 5d - 5c?
1
In base 11, what is -1 - -98?
97
In base 13, what is -242c + 4?
-2428
In base 13, what is -67 + -2?
-69
In base 3, what is 1221 + 11110?
20101
In base 8, what is 2766 - 0?
2766
In base 15, what is 0 + -1?
-1
In base 5, what is -1144 + 101?
-1043
In base 2, what is -1 - 1001101110?
-1001101111
In base 12, what is 1b4 + -b?
1a5
In base 3, what is -101 - -2?
-22
In base 16, what is -4 - -2f?
2b
In base 11, what is 13 - 273?
-260
In base 16, what is 2 + -28?
-26
In base 11, what is -3 + 640?
638
In base 3, what is -12 + 201201?
201112
In base 5, what is 0 - -12?
12
In base 13, what is 2 - -14b?
150
In base 14, what is 366 + 5?
36b
In base 11, what is -111 + 29?
-93
In base 7, what is -5 - 2304?
-2312
In base 12, what is -1 - 130?
-131
In base 11, what is -189 - 13?
-1a1
In base 5, what is 331 - -3?
334
In base 13, what is -7 + 57?
50
In base 5, what is 10124 - -2?
10131
In base 10, what is -30 + -20?
-50
In base 8, what is -51 - 343?
-414
In base 9, what is -8 - -107?
88
In base 8, what is 40 + -23?
15
In base 11, what is 11 - 6?
6
In base 16, what is -2b7 + -1?
-2b8
In base 9, what is -1821 + -2?
-1823
In base 3, what is -1012010221 - 10?
-1012011001
In base 13, what is -2a5 + -b?
-2b3
In base 16, what is -19 + -24?
-3d
In base 2, what is 10101 - 101?
10000
In base 4, what is -3 + -101?
-110
In base 5, what is -4 - -1324?
1320
In base 10, what is 358 + 1?
359
In base 4, what is 21 - 1023?
-1002
In base 9, what is -74 - 5?
-80
In base 13, what is -3 + -2342?
-2345
In base 3, what is 20 - 2010?
-1220
In base 10, what is 3 - -196?
199
In base 6, what is -1 + 4305?
4304
In base 11, what is 6 - -33?
39
In base 12, what is 2 + 2a?
30
In base 11, what is -25a - -59?
-201
In base 14, what is 13 + 6?
19
In base 5, what is -144 + -104?
-303
In base 16, what is 5603 - -2?
5605
In base 3, what is 0 + 101212?
101212
In base 13, what is 85 - -71?
126
In base 4, what is 2 + -3101?
-3033
In base 7, what is -14 